{"id":783,"date":"2023-11-21T03:11:35","date_gmt":"2023-11-21T00:11:35","guid":{"rendered":"https:\/\/www.bulutoglugrup.com.tr\/isbir\/?post_type=product&#038;p=783"},"modified":"2023-11-21T03:13:50","modified_gmt":"2023-11-21T00:13:50","slug":"bambu-yorgan","status":"publish","type":"product","link":"https:\/\/www.bulutoglugrup.com.tr\/isbir\/urun\/bambu-yorgan\/","title":{"rendered":"Bambu Yorgan"},"content":{"rendered":"<ul id=\"tabPanel\" class=\"box col-12 fade\">\n<li class=\"fl ozellik current\">\n<div class=\"row\">\n<div id=\"productDetailTab\" class=\"col col-12 mb\">\n<div class=\"row mb\">\n<div>\n<p><strong>\u00d6zellikler<\/strong><\/p>\n<ul>\n<li class=\"p1\">Do\u011fal bambu katk\u0131l\u0131 esnek ve ince elyaftan yap\u0131lm\u0131\u015ft\u0131r.<\/li>\n<\/ul>\n<ul>\n<li class=\"p1\">Nem \u00e7ekme ve yu\u0308ksek hava ge\u00e7irgenli\u011fi \u00f6zellikleriyle bedenin nefes almas\u0131n\u0131 sa\u011flar, terlemeyi \u00f6nler<\/li>\n<\/ul>\n<ul>\n<li class=\"p1\">Tamamen do\u011fald\u0131r. Kimyasal i\u00e7ermeyen\u00a0yap\u0131s\u0131yla\u00a0sizin ve bebe\u011finizin sa\u011fl\u0131\u011f\u0131 i\u00e7in idealdir.<\/li>\n<\/ul>\n<ul>\n<li class=\"p1\">\u0130peksi, hafif ve yumu\u015fak dokusuyla do\u011fan\u0131n gu\u0308cu\u0308nu\u0308 yataklar\u0131n\u0131zla bulu\u015fturur.<\/li>\n<\/ul>\n<ul>\n<li class=\"p1\">Y\u0131kanabilir yap\u0131s\u0131yla hijyenik ve pratiktir.<\/li>\n<li class=\"p1\">300gr\/M2\u00a0 \u0130\u00e7eri\u011finde %30 Bambu %70 Elyaf bulunur.<\/li>\n<li class=\"p1\">%100 pamuklu kuma\u015f<\/li>\n<\/ul>\n<p><strong>Y\u0131kama Talimatlar\u0131<\/strong><\/p>\n<ul>\n<li class=\"p1\">Makinede 30 derecede y\u0131kan\u0131r.<\/li>\n<li class=\"p1\">A\u011fart\u0131c\u0131 kullan\u0131lmaz.<\/li>\n<li class=\"p1\">Kurutma makinesinde kurutulmaz.<\/li>\n<li class=\"p1\">Kuru temizleme yap\u0131labilir.<\/li>\n<li class=\"p1\">\u00dctu\u0308lenmez.<\/li>\n<li class=\"p1\">Sererek kurutulur.<\/li>\n<\/ul>\n<p><strong>Ebatlar<\/strong><\/p>\n<ul>\n<li class=\"p1\">Tek Ki\u015filik (155\u00d7215 cm)<\/li>\n<li class=\"p1\">\u00c7ift Ki\u015filik (195\u00d7215 cm)<\/li>\n<li class=\"p1\">XL (235\u00d7215 cm)<\/li>\n<\/ul>\n<\/div>\n<\/div>\n<\/div>\n<\/div>\n<\/li>\n<\/ul>\n","protected":false},"excerpt":{"rendered":"<p>Yorgan \u00d6l\u00e7\u00fc<\/p>\n<p>Tek Ki\u015filik<br \/>\n\u00c7ift Ki\u015filik<\/p>\n","protected":false},"featured_media":784,"comment_status":"open","ping_status":"closed","template":"","meta":[],"product_cat":[26,43],"product_tag":[],"class_list":["post-783","product","type-product","status-publish","has-post-thumbnail","hentry","product_cat-yastik-yorgan","product_cat-yorganlar"],"_links":{"self":[{"href":"https:\/\/www.bulutoglugrup.com.tr\/isbir\/wp-json\/wp\/v2\/product\/783","targetHints":{"allow":["GET"]}}],"collection":[{"href":"https:\/\/www.bulutoglugrup.com.tr\/isbir\/wp-json\/wp\/v2\/product"}],"about":[{"href":"https:\/\/www.bulutoglugrup.com.tr\/isbir\/wp-json\/wp\/v2\/types\/product"}],"replies":[{"embeddable":true,"href":"https:\/\/www.bulutoglugrup.com.tr\/isbir\/wp-json\/wp\/v2\/comments?post=783"}],"wp:featuredmedia":[{"embeddable":true,"href":"https:\/\/www.bulutoglugrup.com.tr\/isbir\/wp-json\/wp\/v2\/media\/784"}],"wp:attachment":[{"href":"https:\/\/www.bulutoglugrup.com.tr\/isbir\/wp-json\/wp\/v2\/media?parent=783"}],"wp:term":[{"taxonomy":"product_cat","embeddable":true,"href":"https:\/\/www.bulutoglugrup.com.tr\/isbir\/wp-json\/wp\/v2\/product_cat?post=783"},{"taxonomy":"product_tag","embeddable":true,"href":"https:\/\/www.bulutoglugrup.com.tr\/isbir\/wp-json\/wp\/v2\/product_tag?post=783"}],"curies":[{"name":"wp","href":"https:\/\/api.w.org\/{rel}","templated":true}]}}