{"id":766,"date":"2023-11-21T02:59:12","date_gmt":"2023-11-20T23:59:12","guid":{"rendered":"https:\/\/www.bulutoglugrup.com.tr\/isbir\/?post_type=product&#038;p=766"},"modified":"2023-11-21T03:02:28","modified_gmt":"2023-11-21T00:02:28","slug":"thermolite-yorgan","status":"publish","type":"product","link":"https:\/\/www.bulutoglugrup.com.tr\/isbir\/urun\/thermolite-yorgan\/","title":{"rendered":"Thermolite Yorgan"},"content":{"rendered":"<ul id=\"tabPanel\" class=\"box col-12 fade\">\n<li class=\"fl ozellik current\">\n<div class=\"row\">\n<div id=\"productDetailTab\" class=\"col col-12 mb\">\n<div class=\"row mb\">\n<div>\n<p><strong>95\u00a0<sup>o<\/sup>C\u2019DE YIKANAB\u0130L\u0130R H\u0130JYEN\u0130K KONFOR<\/strong><\/p>\n<p>\u0130\u00e7eri\u011findeki delikli ve silikonlu \u00f6zel \u00fcretim elyaf sayesinde uygun yatak iklimini olu\u015ftururken y\u00fcksek \u0131s\u0131da y\u0131kanabilir patentli yap\u0131s\u0131yla kullan\u0131c\u0131s\u0131na hijyenik uykular sunar.<\/p>\n<p><strong>Rahatl\u0131\u011f\u0131n ve Hijyenin Bulu\u015ftu\u011fu Nokta: Thermolite<sup>\u00ae<\/sup>\u00a095\u00a0<sup>o<\/sup>C<\/strong><\/p>\n<ul>\n<li>Hafif, s\u0131cak ve rahatt\u0131r.<\/li>\n<li>Toparlanma yapmaz.<\/li>\n<li>95\u00b0C\u2019de y\u0131kanmas\u0131na ra\u011fmen yumu\u015fakl\u0131\u011f\u0131n\u0131 ve \u015feklini korur.<\/li>\n<li>\u00dcr\u00fcn\u00fcn kuma\u015f\u0131 bu s\u0131cakl\u0131ktan etkilenmez.<\/li>\n<li>\u00c7ama\u015f\u0131r makinesinde y\u0131kanabilir ve kolayca kurur<\/li>\n<li>%100 Microfiber Kuma\u015f<\/li>\n<li>Toplam gramaj 300 gr.\/Adet<\/li>\n<li>\u00d6zel Lisansl\u0131 Elyaf<\/li>\n<\/ul>\n<p><strong>Ebatlar:<\/strong><\/p>\n<p><strong>Tek Ki\u015filik Yorgan:<\/strong>\u00a0155&#215;215 cm<\/p>\n<p><strong>\u00c7ift Ki\u015filik Yorgan:\u00a0<\/strong>195&#215;215 cm<\/p>\n<\/div>\n<\/div>\n<\/div>\n<\/div>\n<\/li>\n<\/ul>\n","protected":false},"excerpt":{"rendered":"<p>Yorgan \u00d6l\u00e7\u00fc<\/p>\n<p>Tek Ki\u015filik<br \/>\n\u00c7ift Ki\u015filik<\/p>\n","protected":false},"featured_media":767,"comment_status":"open","ping_status":"closed","template":"","meta":[],"product_cat":[26,43],"product_tag":[],"class_list":["post-766","product","type-product","status-publish","has-post-thumbnail","hentry","product_cat-yastik-yorgan","product_cat-yorganlar"],"_links":{"self":[{"href":"https:\/\/www.bulutoglugrup.com.tr\/isbir\/wp-json\/wp\/v2\/product\/766","targetHints":{"allow":["GET"]}}],"collection":[{"href":"https:\/\/www.bulutoglugrup.com.tr\/isbir\/wp-json\/wp\/v2\/product"}],"about":[{"href":"https:\/\/www.bulutoglugrup.com.tr\/isbir\/wp-json\/wp\/v2\/types\/product"}],"replies":[{"embeddable":true,"href":"https:\/\/www.bulutoglugrup.com.tr\/isbir\/wp-json\/wp\/v2\/comments?post=766"}],"wp:featuredmedia":[{"embeddable":true,"href":"https:\/\/www.bulutoglugrup.com.tr\/isbir\/wp-json\/wp\/v2\/media\/767"}],"wp:attachment":[{"href":"https:\/\/www.bulutoglugrup.com.tr\/isbir\/wp-json\/wp\/v2\/media?parent=766"}],"wp:term":[{"taxonomy":"product_cat","embeddable":true,"href":"https:\/\/www.bulutoglugrup.com.tr\/isbir\/wp-json\/wp\/v2\/product_cat?post=766"},{"taxonomy":"product_tag","embeddable":true,"href":"https:\/\/www.bulutoglugrup.com.tr\/isbir\/wp-json\/wp\/v2\/product_tag?post=766"}],"curies":[{"name":"wp","href":"https:\/\/api.w.org\/{rel}","templated":true}]}}