{"id":759,"date":"2023-11-21T02:53:28","date_gmt":"2023-11-20T23:53:28","guid":{"rendered":"https:\/\/www.bulutoglugrup.com.tr\/isbir\/?post_type=product&#038;p=759"},"modified":"2024-12-04T21:05:47","modified_gmt":"2024-12-04T18:05:47","slug":"aerelle-soft-yastik","status":"publish","type":"product","link":"https:\/\/www.bulutoglugrup.com.tr\/isbir\/urun\/aerelle-soft-yastik\/","title":{"rendered":"Aerelle Soft Yast\u0131k"},"content":{"rendered":"<ul id=\"tabPanel\" class=\"box col-12 fade\">\n<li class=\"fl ozellik current\">\n<div class=\"row\">\n<div id=\"productDetailTab\" class=\"col col-12 mb\">\n<div class=\"row mb\">\n<div>\n<p><strong>\u00c7ok Yumu\u015fak;\u00a0<\/strong>Bu \u00fcr\u00fcn\u00fcn dolgusunda kullan\u0131lmak\u00a0\u00fczere ince ve esnek elyaf se\u00e7ilmi\u015ftir.<\/p>\n<p><strong>Hafiflik;\u00a0<\/strong>Bu \u00fcr\u00fcn\u00fcn dolgu elyaf\u0131 minimum a\u011f\u0131rl\u0131kla\u00a0maksimum konfor sa\u011flamak \u00fczere \u00f6zel\u00a0olarak bir araya getirilmi\u015f \u00e7ok ince ve\u00a0\u00e7ok hafif liflerden olu\u015fur.<\/p>\n<p><strong>Makinede Y\u0131kanabilir;\u00a0<\/strong>Bu \u00fcr\u00fcn makinede y\u0131kan\u0131p kurutulabilir.<\/p>\n<p><strong>Kalite;\u00a0<\/strong>Dacron<sup>\u00ae<\/sup>\u00a0marka elyaf dolgulu her yatak \u00fcr\u00fcn\u00fc numaral\u0131 bir marka etiketi ta\u015f\u0131r. Bu \u00f6zel numara \u00fcr\u00fcn\u00fcn lisans alt\u0131nda \u00fcretildi\u011fini ve Dacron<sup>\u00ae<\/sup>\u00a0kalite standartlar\u0131n\u0131 kar\u015f\u0131lad\u0131\u011f\u0131n\u0131 g\u00f6sterir.<\/p>\n<\/div>\n<\/div>\n<\/div>\n<\/div>\n<\/li>\n<\/ul>\n","protected":false},"excerpt":{"rendered":"<p>\u00c7ok Yumu\u015fak;\u00a0Bu \u00fcr\u00fcn\u00fcn dolgusunda kullan\u0131lmak\u00a0\u00fczere ince ve esnek elyaf se\u00e7ilmi\u015ftir. Hafiflik;\u00a0Bu \u00fcr\u00fcn\u00fcn dolgu elyaf\u0131 minimum a\u011f\u0131rl\u0131kla\u00a0maksimum konfor sa\u011flamak \u00fczere \u00f6zel\u00a0olarak bir araya getirilmi\u015f \u00e7ok ince ve\u00a0\u00e7ok<span class=\"excerpt-hellip\"> [\u2026]<\/span><\/p>\n","protected":false},"featured_media":1008,"comment_status":"open","ping_status":"closed","template":"","meta":[],"product_cat":[26,42],"product_tag":[],"class_list":["post-759","product","type-product","status-publish","has-post-thumbnail","hentry","product_cat-yastik-yorgan","product_cat-yastiklar"],"_links":{"self":[{"href":"https:\/\/www.bulutoglugrup.com.tr\/isbir\/wp-json\/wp\/v2\/product\/759","targetHints":{"allow":["GET"]}}],"collection":[{"href":"https:\/\/www.bulutoglugrup.com.tr\/isbir\/wp-json\/wp\/v2\/product"}],"about":[{"href":"https:\/\/www.bulutoglugrup.com.tr\/isbir\/wp-json\/wp\/v2\/types\/product"}],"replies":[{"embeddable":true,"href":"https:\/\/www.bulutoglugrup.com.tr\/isbir\/wp-json\/wp\/v2\/comments?post=759"}],"wp:featuredmedia":[{"embeddable":true,"href":"https:\/\/www.bulutoglugrup.com.tr\/isbir\/wp-json\/wp\/v2\/media\/1008"}],"wp:attachment":[{"href":"https:\/\/www.bulutoglugrup.com.tr\/isbir\/wp-json\/wp\/v2\/media?parent=759"}],"wp:term":[{"taxonomy":"product_cat","embeddable":true,"href":"https:\/\/www.bulutoglugrup.com.tr\/isbir\/wp-json\/wp\/v2\/product_cat?post=759"},{"taxonomy":"product_tag","embeddable":true,"href":"https:\/\/www.bulutoglugrup.com.tr\/isbir\/wp-json\/wp\/v2\/product_tag?post=759"}],"curies":[{"name":"wp","href":"https:\/\/api.w.org\/{rel}","templated":true}]}}