{"id":3441,"date":"2024-09-13T20:39:57","date_gmt":"2024-09-13T17:39:57","guid":{"rendered":"https:\/\/www.bulutoglugrup.com.tr\/enza\/?post_type=product&#038;p=3441"},"modified":"2024-09-13T20:42:13","modified_gmt":"2024-09-13T17:42:13","slug":"terra-3","status":"publish","type":"product","link":"https:\/\/www.bulutoglugrup.com.tr\/enza\/urun\/terra-3\/","title":{"rendered":"Terra"},"content":{"rendered":"<div class=\"product-info__header\">\n<div class=\"product-info__description\">Dolap, 180&#215;221 cm (GxY)<\/div>\n<div class=\"product-info__price\">\n<div class=\"product-info__price-base\"><\/div>\n<\/div>\n<\/div>\n","protected":false},"excerpt":{"rendered":"<p><b>\u00c7a\u011fda\u015f Bir Tasar\u0131m<\/b><br \/>\nTERRA DOLAP, en \u015f\u0131k tasar\u0131m uygulamalar\u0131n\u0131n vazge\u00e7ilmez bile\u015fenleri aras\u0131nda bulunuyor. \u00c7a\u011fda\u015f bir tasar\u0131ma sahip olan TERRA DOLAP, nitelikli i\u015f\u00e7ilik detaylar\u0131 ve a\u00e7\u0131k me\u015fe rengi ile dikkat \u00e7ekiyor. Dolap kapaklar\u0131nda bulunan nat\u00fcrel renk ayna ise dolaba do\u011fal ve yal\u0131n bir g\u00f6r\u00fcn\u00fcm kazand\u0131r\u0131yor.<\/p>\n","protected":false},"featured_media":3445,"template":"","meta":[],"product_cat":[150,128],"product_tag":[171,170],"class_list":["post-3441","product","type-product","status-publish","has-post-thumbnail","hentry","product_cat-dolaplar","product_cat-yatak-odasi","product_tag-ikili-koltuk","product_tag-koltuk"],"_links":{"self":[{"href":"https:\/\/www.bulutoglugrup.com.tr\/enza\/wp-json\/wp\/v2\/product\/3441","targetHints":{"allow":["GET"]}}],"collection":[{"href":"https:\/\/www.bulutoglugrup.com.tr\/enza\/wp-json\/wp\/v2\/product"}],"about":[{"href":"https:\/\/www.bulutoglugrup.com.tr\/enza\/wp-json\/wp\/v2\/types\/product"}],"wp:featuredmedia":[{"embeddable":true,"href":"https:\/\/www.bulutoglugrup.com.tr\/enza\/wp-json\/wp\/v2\/media\/3445"}],"wp:attachment":[{"href":"https:\/\/www.bulutoglugrup.com.tr\/enza\/wp-json\/wp\/v2\/media?parent=3441"}],"wp:term":[{"taxonomy":"product_cat","embeddable":true,"href":"https:\/\/www.bulutoglugrup.com.tr\/enza\/wp-json\/wp\/v2\/product_cat?post=3441"},{"taxonomy":"product_tag","embeddable":true,"href":"https:\/\/www.bulutoglugrup.com.tr\/enza\/wp-json\/wp\/v2\/product_tag?post=3441"}],"curies":[{"name":"wp","href":"https:\/\/api.w.org\/{rel}","templated":true}]}}